st common factor of 126 and 262017?
63
Calculate the greatest common factor of 75933 and 7007.
143
What is the highest common factor of 1704 and 22365?
213
Calculate the greatest common divisor of 2850 and 2480925.
1425
Calculate the highest common divisor of 905 and 36743.
181
What is the highest common divisor of 70 and 57022?
14
Calculate the highest common factor of 1007616 and 123.
123
Calculate the highest common factor of 3060 and 12036.
204
Calculate the highest common factor of 23840 and 6400.
160
Calculate the greatest common divisor of 284726 and 65.
13
What is the greatest common divisor of 183271 and 22?
11
Calculate the highest common divisor of 646242 and 19721.
1517
What is the highest common divisor of 6 and 13986?
6
What is the greatest common divisor of 1715940 and 18?
18
What is the highest common factor of 1905 and 825?
15
What is the greatest common factor of 7 and 1885?
1
Calculate the highest common factor of 1875 and 67455.
15
Calculate the highest common divisor of 843300 and 2025.
225
What is the greatest common divisor of 3529696 and 73?
73
What is the highest common factor of 13708 and 184?
92
Calculate the greatest common divisor of 4974 and 9.
3
What is the greatest common divisor of 1404951 and 93?
93
Calculate the greatest common divisor of 13424 and 200.
8
What is the greatest common divisor of 158963 and 77?
7
Calculate the greatest common factor of 5852 and 6080.
76
Calculate the greatest common divisor of 258 and 307364.
86
What is the greatest common factor of 2328 and 5781588?
1164
What is the greatest common divisor of 156 and 203268?
156
Calculate the highest common factor of 12280422 and 418.
418
Calculate the greatest common factor of 5616 and 4644.
108
Calculate the highest common divisor of 199 and 904853.
199
What is the greatest common divisor of 257 and 51914?
257
Calculate the greatest common divisor of 348 and 244644.
348
What is the highest common divisor of 4591226 and 122?
122
Calculate the highest common divisor of 30 and 56370.
30
Calculate the highest common factor of 39 and 3849.
3
What is the greatest common factor of 5230 and 290?
10
What is the greatest common divisor of 622776 and 672?
168
Calculate the highest common factor of 9198 and 1387.
73
What is the greatest common divisor of 40 and 57080?
40
What is the highest common factor of 44975 and 700?
175
Calculate the highest common divisor of 10904 and 42488.
376
Calculate the highest common divisor of 118016 and 922.
922
Calculate the highest common divisor of 17884 and 44.
4
Calculate the greatest common factor of 1353616 and 352.
176
Calculate the greatest common divisor of 14 and 255500.
14
Calculate the highest common factor of 29932 and 84451.
1069
What is the highest common divisor of 2533 and 20519?
17
Calculate the highest common divisor of 10094 and 588.
98
What is the greatest common factor of 191483 and 457?
457
Calculate the greatest common divisor of 18 and 101961.
9
What is the greatest common divisor of 2920 and 1640?
40
What is the greatest common factor of 15539 and 41?
41
Calculate the greatest common factor of 88185 and 15.
15
What is the highest common factor of 30450 and 18?
6
What is the greatest common factor of 46294 and 474?
158
What is the highest common factor of 130 and 292130?
10
What is the greatest common factor of 582390 and 72?
18
What is the greatest common factor of 60303 and 6?
3
What is the highest common factor of 21112 and 100?
4
What is the greatest common divisor of 1996388 and 5392?
1348
What is the highest common divisor of 1280 and 30440?
40
What is the highest common factor of 17947 and 4847?
131
What is the greatest common divisor of 546 and 42?
42
Calculate the highest common factor of 911564 and 2248.
1124
What is the greatest common divisor of 9984 and 572?
52
Calculate the greatest common divisor of 248 and 6388232.
248
What is the highest common factor of 87600 and 13200?
1200
What is the greatest common factor of 126 and 38031?
21
Calculate the greatest common factor of 348585 and 75.
15
Calculate the highest common divisor of 3844 and 231508.
124
What is the highest common divisor of 51200 and 1856?
64
Calculate the highest common factor of 12168 and 60.
12
Calculate the greatest common divisor of 2193 and 1806.
129
What is the highest common factor of 267592 and 169?
13
Calculate the greatest common factor of 26 and 93834.
26
What is the highest common factor of 36099 and 756?
189
What is the greatest common factor of 184 and 46?
46
What is the highest common factor of 262081 and 411?
137
Calculate the greatest common factor of 4365 and 1143.
9
What is the highest common factor of 22880 and 320?
160
Calculate the highest common factor of 570075 and 825.
825
What is the highest common factor of 8298299 and 1822?
911
Calculate the greatest common divisor of 8687 and 1547.
119
Calculate the highest common divisor of 80 and 1456520.
40
Calculate the greatest common factor of 3641433 and 1028.
257
Calculate the greatest common factor of 41108 and 1161.
43
What is the highest common factor of 27 and 597879?
9
What is the highest common factor of 480 and 24120?
120
What is the highest common divisor of 315 and 123340?
35
Calculate the greatest common divisor of 209196 and 39.
39
Calculate the highest common divisor of 1851706 and 94.
94
What is the greatest common factor of 6393 and 96?
3
Calculate the greatest common divisor of 303322 and 258.
86
Calculate the highest common factor of 1476 and 93972.
492
Calculate the greatest common divisor of 372930 and 8370.
930
What is the greatest common divisor of 536 and 22244?
268
Calculate the highest common divisor of 14085 and 142728.
939
Calculate the highest common factor of 1518498 and 36.
18
Calculate the greatest common divisor of 376 and 4612.
4
Calculate the highest common factor of 57993 and 39.
39
Calculate the greatest common factor of 313 and 4.
1
What is the highest common factor of 535894 and 188?
94
Calculate the highest common factor of 7623 and 7371.
63
Calculate the highest common divisor of 158258 and 742.
106
Calculate the highest common divisor of 1780 and 38.
2
Calculate the greatest common factor of 447540 and 480.
60
Calculate the highest common divisor of 46 and 309212.
46
Calculate the greatest common divisor of 808729 and 47.
47
Calculate the highest common factor of 2500 and 12.
4
Calculate the highest common divisor of 231114 and 117.
39
What is the highest common divisor of 188 and 1671884?
188
Calculate the greatest common divisor of 582 and 95739.
291
What is the highest common factor of 486 and 642006?
486
Calculate the highest common divisor of 30 and 245090.
10
What is the highest common factor of 20400 and 10302?
102
What is the greatest common divisor of 179445 and 4305?
105
Calculate the highest common factor of 14 and 2342.
2
Calculate the highest common factor of 179190 and 330.
330
What is the greatest common divisor of 497524 and 290?
58
Calculate the greatest common factor of 40 and 16010.
10
What is the greatest common divisor of 367549 and 273?
91
Calculate the greatest common factor of 11077695 and 279.
279
What is the greatest common factor of 228414 and 4?
2
What is the highest common factor of 154995 and 5?
5
Calculate the greatest common divisor of 342 and 197334.
342
What is the highest common divisor of 759 and 16928?
23
Calculate the highest common factor of 3233212 and 424.
212
What is the highest common divisor of 80648 and 391?
17
Calculate the greatest common divisor of 2897110 and 5.
5
What is the greatest common factor of 1524204 and 22?
22
Calculate the highest common factor of 20133 and 9.
9
Calculate the greatest common factor of 250460 and 196.
28
What is the greatest common divisor of 37 and 1073?
37
Calculate the highest common factor of 7429 and 25517.
323
What is the greatest common factor of 17601 and 3?
3
Calculate the highest common divisor of 15408 and 792.
72
What is the highest common divisor of 63126 and 1670?
334
What is the highest common divisor of 186 and 461838?
186
What is the greatest common divisor of 268 and 565346?
134
Calculate the highest common divisor of 1530 and 553520.
170
What is the greatest common factor of 162233 and 848?
53
Calculate the high